{"id":13,"date":"2023-07-28T13:37:00","date_gmt":"2023-07-28T11:37:00","guid":{"rendered":"http:\/\/extranet.magnadian.com\/pedrocrespo\/?page_id=13"},"modified":"2023-08-10T13:51:26","modified_gmt":"2023-08-10T11:51:26","slug":"inicio","status":"publish","type":"page","link":"https:\/\/www.pedrocrespo.es\/","title":{"rendered":"Inicio"},"content":{"rendered":"\n<p><p style=\"text-align: justify\">Un perfecto Donnadie, una nader\u00eda. As\u00ed me considero. Perm\u00edtaseme, con el fin de explicar lo anterior, que me ampare en una anacron\u00eda anal\u00e9ptica. En mi epitafio, adem\u00e1s de un riguroso y simple <em>Hic iacet petrus<\/em>. Poeta y profesor se a\u00f1adir\u00e1: La vida le dio cartas, pero no supo jugarlas. De momento, entre las dos fechas que limitan una biograf\u00eda, solo tengo la primera:  Zamora, 1955.<\/p><\/p>\n","protected":false},"excerpt":{"rendered":"<p>Un perfecto Donnadie, una nader\u00eda. As\u00ed me considero. Perm\u00edtaseme, con el fin de explicar lo anterior, que me ampare en una anacron\u00eda anal\u00e9ptica. En mi epitafio, adem\u00e1s de un riguroso y simple Hic iacet petrus. Poeta y profesor se a\u00f1adir\u00e1: La vida le dio cartas, pero no supo jugarlas. De momento, entre las dos fechas &hellip; <\/p>\n<p class=\"link-more\"><a href=\"https:\/\/www.pedrocrespo.es\/\" class=\"more-link\">Continuar leyendo<span class=\"screen-reader-text\"> \u00abInicio\u00bb<\/span><\/a><\/p>\n","protected":false},"author":1,"featured_media":0,"parent":0,"menu_order":0,"comment_status":"closed","ping_status":"closed","template":"","meta":{"footnotes":""},"class_list":["post-13","page","type-page","status-publish","hentry"],"_links":{"self":[{"href":"https:\/\/www.pedrocrespo.es\/index.php\/wp-json\/wp\/v2\/pages\/13","targetHints":{"allow":["GET"]}}],"collection":[{"href":"https:\/\/www.pedrocrespo.es\/index.php\/wp-json\/wp\/v2\/pages"}],"about":[{"href":"https:\/\/www.pedrocrespo.es\/index.php\/wp-json\/wp\/v2\/types\/page"}],"author":[{"embeddable":true,"href":"https:\/\/www.pedrocrespo.es\/index.php\/wp-json\/wp\/v2\/users\/1"}],"replies":[{"embeddable":true,"href":"https:\/\/www.pedrocrespo.es\/index.php\/wp-json\/wp\/v2\/comments?post=13"}],"version-history":[{"count":4,"href":"https:\/\/www.pedrocrespo.es\/index.php\/wp-json\/wp\/v2\/pages\/13\/revisions"}],"predecessor-version":[{"id":313,"href":"https:\/\/www.pedrocrespo.es\/index.php\/wp-json\/wp\/v2\/pages\/13\/revisions\/313"}],"wp:attachment":[{"href":"https:\/\/www.pedrocrespo.es\/index.php\/wp-json\/wp\/v2\/media?parent=13"}],"curies":[{"name":"wp","href":"https:\/\/api.w.org\/{rel}","templated":true}]}}